f 3960?
3
What is the hundreds digit of 988?
9
What is the units digit of 549?
9
What is the units digit of 4435?
5
What is the ten thousands digit of 72295?
7
What is the ten thousands digit of 112587?
1
What is the tens digit of 6265?
6
What is the hundreds digit of 55926?
9
What is the hundreds digit of 410?
4
What is the tens digit of 5253?
5
What is the tens digit of 388?
8
What is the tens digit of 8776?
7
What is the hundreds digit of 37574?
5
What is the hundreds digit of 914?
9
What is the hundreds digit of 1636?
6
What is the tens digit of 1257?
5
What is the hundreds digit of 4233?
2
What is the ten thousands digit of 20054?
2
What is the hundreds digit of 45872?
8
What is the hundreds digit of 46611?
6
What is the units digit of 36964?
4
What is the hundreds digit of 179?
1
What is the hundreds digit of 4573?
5
What is the hundreds digit of 2413?
4
What is the thousands digit of 18509?
8
What is the units digit of 94748?
8
What is the units digit of 627?
7
What is the hundreds digit of 584?
5
What is the units digit of 782?
2
What is the tens digit of 58849?
4
What is the tens digit of 4100?
0
What is the units digit of 1226?
6
What is the units digit of 3965?
5
What is the units digit of 12148?
8
What is the units digit of 41?
1
What is the units digit of 880?
0
What is the thousands digit of 1642?
1
What is the tens digit of 122?
2
What is the tens digit of 21104?
0
What is the tens digit of 19057?
5
What is the hundreds digit of 6830?
8
What is the hundred thousands digit of 146905?
1
What is the tens digit of 3511?
1
What is the tens digit of 2949?
4
What is the hundreds digit of 14063?
0
What is the thousands digit of 2907?
2
What is the thousands digit of 1140?
1
What is the units digit of 1501?
1
What is the thousands digit of 12299?
2
What is the ten thousands digit of 69224?
6
What is the tens digit of 492?
9
What is the ten thousands digit of 19685?
1
What is the units digit of 2685?
5
What is the units digit of 18738?
8
What is the units digit of 69839?
9
What is the hundreds digit of 693?
6
What is the units digit of 655?
5
What is the ten thousands digit of 21574?
2
What is the units digit of 15989?
9
What is the tens digit of 5123?
2
What is the units digit of 31059?
9
What is the units digit of 11299?
9
What is the hundreds digit of 3210?
2
What is the thousands digit of 4475?
4
What is the tens digit of 78785?
8
What is the ten thousands digit of 19137?
1
What is the hundreds digit of 635?
6
What is the units digit of 2540?
0
What is the hundreds digit of 13806?
8
What is the units digit of 927?
7
What is the thousands digit of 2700?
2
What is the units digit of 1868?
8
What is the units digit of 9514?
4
What is the tens digit of 4072?
7
What is the hundreds digit of 15663?
6
What is the hundreds digit of 18337?
3
What is the hundreds digit of 388?
3
What is the units digit of 84038?
8
What is the hundreds digit of 240?
2
What is the hundreds digit of 1590?
5
What is the units digit of 67108?
8
What is the units digit of 3652?
2
What is the hundreds digit of 535?
5
What is the hundreds digit of 15519?
5
What is the units digit of 94181?
1
What is the ten thousands digit of 16245?
1
What is the tens digit of 25216?
1
What is the units digit of 737?
7
What is the tens digit of 471?
7
What is the hundreds digit of 718?
7
What is the thousands digit of 171354?
1
What is the units digit of 6523?
3
What is the tens digit of 186856?
5
What is the ten thousands digit of 11251?
1
What is the thousands digit of 3083?
3
What is the units digit of 1328?
8
What is the ten thousands digit of 27322?
2
What is the thousands digit of 91288?
1
What is the thousands digit of 5471?
5
What is the hundreds digit of 9148?
1
What is the units digit of 51079?
9
What is the units digit of 2777?
7
What is the tens digit of 18909?
0
What is the tens digit of 2621?
2
What is the units digit of 3852?
2
What is the units digit of 211?
1
What is the tens digit of 245?
4
What is the tens digit of 20298?
9
What is the tens digit of 15532?
3
What is the thousands digit of 40346?
0
What is the thousands digit of 59830?
9
What is the hundreds digit of 4113?
1
What is the units digit of 17800?
0
What is the tens digit of 17?
1
What is the units digit of 15634?
4
What is the units digit of 7200?
0
What is the tens digit of 71963?
6
What is the thousands digit of 25705?
5
What is the ten thousands digit of 64912?
6
What is the tens digit of 10411?
1
What is the units digit of 4135?
5
What is the thousands digit of 22945?
2
What is the units digit of 1430?
0
What is the thousands digit of 12222?
2
What is the tens digit of 93040?
4
What is the ten thousands digit of 17128?
1
What is the thousands digit of 5223?
5
What is the thousands digit of 3180?
3
What is the tens digit of 538?
3
What is the thousands digit of 29932?
9
What is the hundreds digit of 8946?
9
What is the tens digit of 25838?
3
What is the thousands digit of 17298?
7
What is the units digit of 108376?
6
What is the thousands digit of 87497?
7
What is the ten thousands digit of 13000?
1
What is the units digit of 25060?
0
What is the ten thousands digit of 10763?
1
What is the hundreds digit of 127165?
1
What is the thousands digit of 8010?
8
What is the units digit of 409?
9
What is the hundreds digit of 15169?
1
What is the units digit of 75143?
3
What is the tens digit of 2222?
2
What is the units digit of 2784?
4
What is the ten thousands digit of 94396?
9
What is the thousands digit of 40893?
0
What is the ten thousands digit of 105673?
0
What is the thousands digit of 77032?
7
What is the units digit of 1083?
3
What is the hundreds digit of 7336?
3
What is the thousands digit of 4009?
4
What is the hundreds digit of 2686?
6
What is the hundreds digit of 2842?
8
What is the units digit of 9066?
6
What is the hundreds digit of 289?
2
What is the hundreds digit of 185?
1
What is the units digit of 8235?
5
What is the units digit of 3145?
5
What is the hundreds digit of 7168?
1
What is the hundreds digit of 135?
1
What is the ten thousands digit of 72535?
7
What is the tens digit of 1237?
3
What is the tens digit of 10405?
0
What is the hundreds digit of 78014?
0
What is the units digit of 344?
4
What is the hundreds digit of 7101?
1
What is the tens digit of 2345?
4
What is the tens digit of 353?
5
What is the ten thousands digit of 33483?
3
What is the units digit of 6678?
8
What is the hundreds digit of 20776?
7
What is the units digit of 34285?
5
What is the hundreds digit of 30769?
7
What is the tens digit of 904?
0
What is the tens digit of 25392?
9
What is the ten thousands digit of 55409?
5
What is the units digit of 66?
6
What is the units digit of 34561?
1
What is the tens digit of 7744?
4
What is the hundreds digit of 35655?
6
What is the thousands digit of 29009?
9
What is the tens digit of 1151?
5
What is the hundreds digit of 2818?
8
What is the units digit of 38848?
8
What is the thousands digit of 4738?
4
What is the units digit of 1810?
0
What is the tens digit of 120310?
1
What is the hundreds digit of 570?
5
What is the thousands digit of 97320?
7
What is the hundreds digit of 5025?
0
What is the hundreds digit of 650?
6
What is the ten thousands digit of 47063?
4
What is the hundreds digit of 31708?
7
What is the units digit of 18484?
4
What is the tens digit of 913?
1
What is the tens digit of 243?
4
What is the thousands digit of 3596?
3
What is the units digit of 8146?
6
What is the tens digit of 3524?
2
What is the units digit of 977?
7
What is the hundreds digit of 12884?
8
What is the tens digit of 7029?
2
What is the thousands digit of 4641?
4
What is the thousands digit of 4967?
4
What is the thousands digit of 44612?
4
What is the hundreds digit of 7681?
6
What is the tens digit of 15503?
0
What is the tens digit of 2746?
4
What is the hundreds digit of 1218?
2
What is the units digit of 649?
9
What is the tens digit of 3035?
3
What is the tens digit of 33778?
7
What is the thousands digit of 5557?
5
What is the hundreds digit of 6635?
6
What is the units digit of 27289?
9
What is the tens digit of 429?
2
What is the ten thousands digit of 70081?
7
What is the units digit of 8675?
5
What is the ten thousands digit of 15243?
1
What is the ten thousands dig